x + 129 = 5*n, 0 = n - 2*n - 3*x + 36. Let t = n - f. Calculate the greatest common divisor of t and 112.
14
Let k(h) = h**2 + 8*h - 37. Let z be k(10). What is the greatest common factor of z and 11?
11
Suppose -b + 3*i + 27 = 0, 5*b - 22*i + 23*i = 71. Calculate the greatest common factor of 60 and b.
15
Let z be 6*(2 - 4/(24/15)). Let n(u) = -22*u - 6. Let k be n(z). What is the greatest common divisor of k and 24?
12
Suppose 0 = -46*m + 53*m - 35. Suppose m*w - 246 = 3*r, -w - 3*r + 234 = 4*w. Calculate the greatest common divisor of w and 60.
12
Let g(i) = -2*i**2 - 13*i + 1. Let o be g(-5). What is the greatest common factor of o and 1?
1
Let z(o) = 3 - 4 + 5*o - 8*o**2 - 20*o**3 + 21*o**3. Let u be z(7). Let k = 29 + u. What is the highest common divisor of 42 and k?
14
Suppose 2*o - 5*p - 47 = 0, o - 56 = -2*p - 2*p. What is the highest common divisor of o and 126?
18
Suppose -48 = -43*i + 40*i. Calculate the highest common factor of 132 and i.
4
Let d be 26/10 - (-4 - 108/(-30)). Suppose -3*r + 93 = d. What is the highest common divisor of 60 and r?
30
Let p = -123 + 132. Let s be (10/(-2))/((p/(-21))/3). What is the highest common factor of s and 140?
35
Let p = 189 - 159. Suppose 0 = 4*c - 107 - 133. Calculate the highest common divisor of c and p.
30
Let d(q) = 4*q**2 + q + 3. Let b be d(-2). What is the greatest common factor of 289 and b?
17
Let v = 577 - 148. Calculate the greatest common factor of v and 11.
11
Let l be (1 + 1*36)*12/12. Let b(z) = 12*z**2 - 6*z + 3. Let o be b(-5). Calculate the greatest common factor of l and o.
37
Let x = 13 + 7. Let p(g) = -4*g - 61. Let c be p(-19). Calculate the greatest common divisor of x and c.
5
Suppose -4*h + 100 = 20. Suppose -3*s + 100 = 4*r + h, r + 22 = s. Let f = -153 - -369. What is the highest common factor of f and s?
24
Let c = -293 + 295. Calculate the greatest common divisor of 74 and c.
2
Suppose 5*z - 26 = -11. Suppose z = -2*q + 5. Let r = 4 - q. Calculate the greatest common divisor of r and 12.
3
Suppose -2*w + 20 = 3*w. Suppose -5*l + w*x + 53 = 0, 3*l - 5*x = 2*l - 2. Let p = l - 9. Calculate the highest common divisor of p and 32.
4
Let u be 34/(-51) - 112/(-6). Let z be u/(1 + 0/3). Let v = -27 - -54. What is the highest common factor of v and z?
9
Suppose 3*x = 2*x. Let u be x - 3 - (-26)/2. Let v(n) = 7*n - 10. Let c be v(u). Calculate the highest common factor of 20 and c.
20
Suppose -24*r - 41*r = -1560. Calculate the highest common factor of r and 1416.
24
Let i(n) = -4*n + 376. Let u be i(18). What is the greatest common divisor of 24 and u?
8
Suppose 0 = 3*o - o - 2*g - 26, -g = -4. Suppose -o = b - 5. Let m be ((-1)/6)/(2/b). Calculate the highest common factor of 3 and m.
1
Suppose -3*h - 58 - 99 = -4*b, 0 = b - 2*h - 38. Let j be 1136/b - (-4)/(-10). What is the highest common factor of j and 42?
14
Suppose 3*s + 89 + 25 = 0. Let l = 55 + s. Calculate the greatest common factor of l and 153.
17
Let a = 910 + -478. What is the highest common divisor of a and 27?
27
Suppose 67 = 4*s - 5. Suppose o + 2*o = -5*c + 24, 2*c - o = 14. What is the greatest common divisor of s and c?
6
Let x be 3/(-1)*5/(-3). Let r = 69 + -49. What is the greatest common factor of r and x?
5
Let u(z) = 19*z**2 + 16*z - 11. Let l be u(-11). Calculate the greatest common divisor of l and 8.
8
Let b = -82 - -953. Calculate the highest common divisor of b and 26.
13
Let s = 729 + -650. Calculate the greatest common divisor of s and 632.
79
Let f(g) = -g**3 + 11*g**2 - 13*g + 3. Suppose 2*t = 3*t - 5. Let n be f(t). What is the greatest common factor of 132 and n?
44
Let o(d) = -43*d + 2. Let y(s) = -43*s. Let u(c) = 5*o(c) - 6*y(c). Let t be u(4). What is the highest common divisor of 14 and t?
14
Suppose v = -4*v. Suppose 5*n + 5 = -v*n, -2*n + 4 = l. Suppose 268 + 2 = 9*d. What is the greatest common factor of l and d?
6
Suppose 4*l - 116 - 60 = 0. Calculate the greatest common factor of 748 and l.
44
Let c be (84/10)/((-2)/(-85)) + 7. Let r be ((-56)/10)/(5/(-25)). What is the greatest common factor of r and c?
28
Let y(p) = -p**2 - 19*p - 5. Let z be y(-12). Let h = z + -40. Calculate the greatest common divisor of h and 13.
13
Suppose 4 = -3*x + x. Let u = 10 + x. Let d = -13 - -29. Calculate the highest common divisor of u and d.
8
Let d(x) = -x + 126. Let v be d(0). Calculate the highest common factor of 14 and v.
14
Suppose -21*l + 13*l + 5928 = 0. Calculate the highest common factor of 39 and l.
39
Suppose 0 = -2*z + 8, 7*s - 5*z - 40 = 2*s. Suppose -3 = -3*g - s. Let r be ((g - -3) + 3)/1. What is the highest common divisor of r and 33?
3
Suppose 876 = 4*b + 5*z, 10*b + 916 = 14*b - 5*z. Calculate the highest common divisor of b and 7.
7
Suppose -17*u = -14*u - 2451. What is the greatest common divisor of 43 and u?
43
Suppose -21*o + 18363 = -6669. Calculate the greatest common factor of 8 and o.
8
Suppose -180 - 258 = 3*b. Let s = 74 + b. Let a be s*-6*(-3)/(-12). Calculate the highest common factor of 12 and a.
12
Let r = -263 - -517. Let t = r + 88. What is the highest common factor of 38 and t?
38
Let f be 453/15 - 2/10. Suppose -5*v + 0*x - 468 = 3*x, -5*v = 2*x + 467. Let o = 138 + v. Calculate the highest common divisor of f and o.
15
Let a(g) = -91*g + 62. Let o be a(-10). Suppose -5*w = 212 - o. Calculate the greatest common divisor of w and 19.
19
Suppose 5*b = 4*h + 330, 9 = -b - 5*h + 46. Calculate the highest common divisor of b and 62.
62
Suppose 0 = -q - 3*q. Let m be (-2 + q + 3)*1. Suppose -5*y = -3*z + 10, 0*y + 2*z - 8 = 2*y. Calculate the greatest common factor of y and m.
1
Let f = 384 - 78. Let w = f + -186. What is the greatest common divisor of 15 and w?
15
Let n(z) = -z + 6. Let p be n(9). Let j(v) = v**2 + 4 - 2*v + v**3 + 0 + v**2. Let b be j(p). What is the highest common factor of b and 4?
1
Let l be 38/14 + (-10)/(-35). Let o be (-6)/(-12)*(l + 1). Calculate the greatest common factor of o and 10.
2
Suppose 27*c + 12 = 30*c. Let j be (-1032)/(-40) - c/5. What is the greatest common divisor of j and 10?
5
Let v = -127 - -125. Let y(u) = -12*u - 2 + 0*u + 0. Let p be y(v). What is the highest common divisor of 22 and p?
22
Suppose 8*m = 4*m + 8. Suppose -3*n = 4*p - 269, m*p - n = -0*p + 127. Let i = p + 7. Calculate the greatest common factor of 9 and i.
9
Let g = -952 - -998. What is the highest common factor of g and 667?
23
Let f be 1/3 - ((-1615)/3)/5. Suppose 7*u + f = 10*u. What is the highest common divisor of 36 and u?
36
Suppose 2*s = -10, -37 = 2*w - 2*s + 17. Let u = 78 + w. What is the greatest common factor of 23 and u?
23
Let w(l) = 2*l**3 + 39*l**2 - 20*l + 13. Let y be w(-20). Calculate the greatest common factor of y and 13.
13
Let k(n) = 5*n**2 + n + 2. Let i be k(2). Let j(t) = 15*t - 9. Let c be j(3). Calculate the greatest common divisor of i and c.
12
Let x be (-3 - 6) + 6 + 595. Calculate the highest common factor of 37 and x.
37
Let v be (4 + -7 + -16)*1. Let y = v - -25. What is the highest common divisor of y and 2?
2
Suppose 31*j + 424 = 4857. Let v = 25 + -14. What is the highest common factor of v and j?
11
Suppose -7*m + 434 - 35 = 0. Suppose m + 27 = 4*v. What is the greatest common divisor of v and 9?
3
Let w = 660 + -647. What is the greatest common divisor of w and 1716?
13
Suppose 7*z = -742 + 917. What is the greatest common factor of 20 and z?
5
Let a = -60 + 104. Suppose -4 = c - 6. Let w be (c/(-4))/(3/(-132)). What is the highest common factor of a and w?
22
Let b be (9/6*-1)/((-3)/56). What is the greatest common factor of b and 35?
7
Let x be (-105)/(-42)*(-2376)/(-15). Calculate the highest common divisor of x and 44.
44
Let c(a) = 2*a - 4. Suppose -4*v - v + 20 = 0. Let d be c(v). Suppose -119 = -5*o - n, -d*n - 4 = -o + 24. Calculate the highest common divisor of 16 and o.
8
Suppose 2*c + 10 - 64 = 0. Let l = 123 + -65. Let w = l - 49. Calculate the greatest common factor of c and w.
9
Let x be ((-2)/(-3))/((-18)/(-27)). Suppose 0 = d + x - 7. Calculate the highest common factor of d and 54.
6
Suppose 7*k - 45 = 2*k. Suppose -4*l + 2*s + 267 = 7*s, 5*l + s = 318. Calculate the greatest common factor of l and k.
9
Let m be ((9 - 1) + 0)*9. Let o be (1*-4 - 0)*-1. Let d be (o/3)/((-3)/(-18)). Calcul